h?
9
Suppose 5*q + 3*d - 152 = 0, d + 26 = 25. Suppose 351 = 44*s - q*s. What is the highest common factor of s and 9?
9
Let v(f) = -130*f - 683. Let n be v(-8). What is the greatest common factor of n and 651?
21
Suppose 566*x = 562*x - 1652. Let r = -353 - x. Calculate the greatest common divisor of 320 and r.
20
Let g(k) be the third derivative of -5*k**4/12 + 35*k**3/3 - 14*k**2. Let j be g(-6). Let t be (-5 + 9)/(1/13). Calculate the greatest common factor of t and j.
26
Let x = -1036 + 1078. Let a = -13 - -22. Let y be ((-28)/3)/((-3)/a). What is the greatest common factor of x and y?
14
Let p be 33764/69 + 16 - (-2)/3. Calculate the greatest common divisor of 275 and p.
11
Suppose 24 = 3*r, -79 = -34*x + 33*x - 3*r. Calculate the highest common factor of 1705 and x.
55
Suppose 63 = 2*m - 3*z, -5*z + 34 = -1. Let l = -7 + 14. Calculate the greatest common factor of m and l.
7
Suppose 15*n + 402 = 16*n - 430. What is the greatest common factor of n and 195?
13
Let x(m) = 4*m**2 - 23*m + 22. Let k be x(15). Suppose -k + 169 = -6*s. What is the greatest common divisor of s and 170?
34
Let j(k) = 296*k**2 - k + 39. Let n be j(6). Suppose 0 = 18*r - n - 1119. Calculate the greatest common divisor of r and 32.
16
Let n = 359 - 357. Suppose 3*m = -v + 192, 4*m + n*v = 7*m - 192. What is the highest common divisor of m and 2?
2
Suppose 0 = 119*w + 32881 - 163305. Calculate the greatest common factor of w and 1233.
137
Suppose -5*u + 25 = 0, -37*m + 42*m - 1575 = 5*u. What is the highest common divisor of m and 35?
5
Let i(m) = m**2 - 3*m - 10. Let j be i(12). Suppose -3*n - 8 = -j. Suppose l = 5*l - 24. What is the greatest common divisor of n and l?
6
Let i be (-200)/75 - 1520/(-57). Calculate the greatest common divisor of 3168 and i.
24
Let f = 33 + -16. Let y(o) = 2*o**3 - o**2 - 2*o + 1. Let j be y(3). Suppose 0 = -j*l + 42*l - 136. What is the greatest common factor of f and l?
17
Let d(o) = -6*o - 21. Let h(s) = 10*s - 4. Let y be h(0). Let m be d(y). Calculate the highest common factor of m and 4.
1
Let p be (-1)/(3237/(-1617) - -2). Suppose -15*c + 22*c = 686. Let w be c/(-5 - (2 + -9)). Calculate the greatest common divisor of p and w.
49
Let b be (-148)/(-2 + 0/((-10)/(-45)*9)). Calculate the greatest common factor of b and 6031.
37
Let m be -3 + 307*3*(-1)/(-3). Suppose m = 3*s + 88. Calculate the greatest common factor of 8 and s.
8
Let o be (-670)/(-6) + 1/3. Suppose 52 = 21*t - 221. Let l = 3 + t. What is the highest common divisor of l and o?
16
Let i(r) = -r**2 - 11*r - 21. Let p be i(-8). Suppose 3*s = -4*g - 0*g + 61, 5*g - 65 = -p*s. Let b = -11 + s. Calculate the greatest common factor of b and 4.
4
Suppose x + 4*h - 53187 = 0, 858*x - 265845 = 853*x - 2*h. What is the greatest common factor of x and 79?
79
Let m(k) = -k**3 - 25*k**2 - 28*k - 468. Let b be m(-25). What is the greatest common factor of b and 145?
29
Suppose 4*q - 2*q - 330 = 0. Suppose -5*i + 3*c = -2101, -6*i + 2*c - 1272 = -9*i. Let h = 437 - i. What is the highest common factor of h and q?
15
Let l = -516 - -2415. Calculate the greatest common divisor of 72 and l.
9
Let q(y) = 2*y**3 - 20*y**2 + 53*y + 29. Let i be q(5). What is the greatest common factor of i and 11528?
44
Let w(p) = 7*p**3. Let a be w(2). Let i = a - 51. Let c(g) = -g + 10. Let s be c(i). What is the highest common divisor of 45 and s?
5
Suppose 3*z - 373 = -40. Let h = z + -81. Calculate the greatest common divisor of h and 210.
30
Let q be ((-8)/(-10))/((-127386)/4550 - -28). What is the highest common divisor of 2496 and q?
52
Suppose 34 = 29*x - 12*x. Suppose -5*t + 5*n + 2610 = 0, -x*n - 1576 = -3*t + 3*n. What is the greatest common divisor of 11 and t?
11
Let g be (-1080)/20*24/(-54). Calculate the greatest common divisor of 50 and g.
2
Let o(a) = -a**2 - 6*a - 6. Let g be o(-4). Suppose -2*m - 145 = -2*x + 3*m, g*x - 2*m - 142 = 0. What is the highest common factor of x and 245?
35
Let c(o) = -3268*o + 159. Let y be c(-1). What is the highest common divisor of y and 149?
149
Suppose 5*y - 842 = -57. Let o = y + -121. Calculate the highest common divisor of 153 and o.
9
Let p(b) = -b - 8. Let m be p(-4). Let c be (3 - -21)/(-4)*22/m. What is the greatest common divisor of c and 3?
3
Let z(j) = 11*j + 61. Let y be z(2). Suppose 8*o = -3*w + 9*o + y, 0 = -2*w - 2*o + 58. What is the greatest common divisor of w and 14?
14
Let g be (1/(-20))/(156/(-1029405)) - 40/(-640). Let t(c) = -2*c**3 - 4*c**2 + 5*c. Let z be t(-4). What is the highest common divisor of g and z?
22
Let o = -8 + 28. Let g be (-384)/o*10/(-4). What is the greatest common factor of g and 12?
12
Suppose 138*q - 141*q = -m - 2316, 3*q - 2304 = -m. What is the highest common divisor of q and 280?
70
Let p be (2/(-4) - 10/20) + 258. Suppose -89 = 2*w - p. What is the greatest common divisor of 126 and w?
42
Let v be ((-6)/(-4))/((-276)/(-39008)). Calculate the highest common divisor of 108 and v.
4
Let p be (163/2)/((-28)/(-49) + 10/(-140)). What is the highest common divisor of 14507 and p?
163
Let c be (25/(-15))/(14/15 - 1). Let n = -17 + c. Suppose -n*j = -2*j - 36. What is the highest common divisor of 6 and j?
6
Let v(u) = u - 2. Let g be v(5). Let y = g + 0. Let q be y*1/(-9)*(-33 - 0). What is the highest common divisor of 176 and q?
11
Let f be (10 - 9) + 25/5. Suppose 3*h = -3*t + 507, -f*h + 3*t = -3*h - 501. Calculate the greatest common factor of 105 and h.
21
Suppose -3*k + k = -46. Let v be (k/(-2))/(21/(-84)). Calculate the greatest common divisor of v and 2.
2
Suppose -2*j + 5 = -v, 8*v - j = 5*v. Let a be -6 - v*(-14 - 5). What is the highest common divisor of a and 117?
13
Let j(q) = -2*q - 4. Let m be j(-4). Suppose 0 = -5*l - 59 + 104. Suppose 16 = l*w - 20. What is the highest common factor of w and m?
4
Let y(x) = -x**3 - 14*x**2 + 4*x + 68. Let c be y(-18). What is the greatest common divisor of 544 and c?
68
Let x = -90 - -95. Suppose 2*y = -y - m + 131, x*y - 2*m - 233 = 0. What is the greatest common divisor of 120 and y?
15
Let o(k) = 5*k**2 + 15*k + 10. Let q(v) = v**3 - 6*v**2 + 7*v - 15. Let p be q(5). Let s be o(p). What is the greatest common factor of 48 and s?
12
Suppose -5*a + 4*c + 88 = 0, 2*a - 28 = -2*c - 18. What is the highest common factor of a and 2028?
12
Let i be ((-198)/12)/11*570/(-5). Suppose -3*a - 12 = -h, 6*a + 32 = 3*h + a. What is the greatest common factor of h and i?
9
Let z(h) = -3*h**3 - 62*h**2 - h + 176. Let i be z(0). Calculate the greatest common divisor of i and 1485.
11
Suppose -122852 = -65*v - 11*v + 181680. What is the highest common factor of v and 1?
1
Let w = 395 - 402. Let a be -5*(-6)/(-5 - w). What is the greatest common divisor of a and 20?
5
Let o be (-800)/(-6) + 7 + 95/(-15). Let p = o + -134. Let m be (p - -2)*-92*(-21)/24. Calculate the greatest common divisor of 23 and m.
23
Suppose -177 = -2*x + 189. Let t = x + 51. Calculate the greatest common divisor of t and 18.
18
Let o = -15 + 27. Let i(h) = h**2 - 13*h - 134. Let m be i(-10). What is the highest common divisor of o and m?
12
Suppose -9*j + 4 = -7*j, 6*l + 4*j = 146426. What is the greatest common divisor of 23 and l?
23
Let k(u) = u**3 - 13*u**2 - 15*u + 8. Let y be k(14). Let r = -3 - y. Let w be ((-14)/4 + r)/((-2)/36). Calculate the greatest common factor of w and 6.
3
Suppose -59 = -2*z - 3*z - 3*p, 44 = 5*z - 2*p. Let q be (z/(-4))/(4/(-96)). Let b = 472 - 232. Calculate the greatest common factor of b and q.
60
Let z = 25 + -28. Let s be 18*(z - ((-14)/6 + -1)). Suppose 0 = -5*o + 3*p + 486, o - 94 = -7*p + s*p. What is the greatest common factor of o and 12?
12
Suppose 0 = -3*g - 2*z + 242 + 580, 3*z = 9. What is the highest common factor of 340 and g?
68
Suppose 10*p + 2 = o - 14, 4*o - 5*p = 204. Let v = -24 - -45. What is the greatest common factor of v and o?
7
Suppose -3*b - b = -144. Let a(v) = 4*v**3 + 9*v**2 - 61*v - 122. Let m be a(-2). What is the highest common divisor of b and m?
4
Let k be 5945/164 - (-5)/(-4). Suppose -k = -w - 28. Calculate the greatest common factor of w and 399.
7
Suppose -4*v + 1030 = -798 + 100. What is the greatest common divisor of 9888 and v?
48
Suppose -5*u = 35, -4*u = 39*y - 41*y + 516. What is the highest common divisor of y and 